{"id":183,"date":"2025-02-14T16:16:50","date_gmt":"2025-02-14T15:16:50","guid":{"rendered":"http:\/\/fuhlendorfer-sportclub.das-testportal.de\/?page_id=183"},"modified":"2025-02-20T22:47:57","modified_gmt":"2025-02-20T22:47:57","slug":"tischtennis-2","status":"publish","type":"page","link":"https:\/\/fuhlendorfer-sportclub.de\/?page_id=183","title":{"rendered":"Tischtennis"},"content":{"rendered":"<p>[et_pb_section fb_built=&#8220;1&#8243; _builder_version=&#8220;4.27.4&#8243; _module_preset=&#8220;default&#8220; background_color=&#8220;RGBA(255,255,255,0)&#8220; bottom_divider_style=&#8220;slant2&#8243; bottom_divider_color=&#8220;#1d7baf&#8220; locked=&#8220;off&#8220; global_colors_info=&#8220;{}&#8220;][et_pb_row _builder_version=&#8220;4.20.4&#8243; _module_preset=&#8220;default&#8220; global_colors_info=&#8220;{}&#8220;][et_pb_column type=&#8220;4_4&#8243; _builder_version=&#8220;4.20.4&#8243; _module_preset=&#8220;default&#8220; global_colors_info=&#8220;{}&#8220;][et_pb_text _builder_version=&#8220;4.20.4&#8243; _module_preset=&#8220;default&#8220; global_colors_info=&#8220;{}&#8220;]<\/p>\n<h1>Tischtennis\u00a0<\/h1>\n<p>\u00a0<br \/><strong>Trainingszeiten:<\/strong><\/p>\n<p><strong>Montags und Donnerstags von 19.30 \u2013 22.00\u00a0 in der Turnhalle Wiemersdorf, Schulweg 1, 24649 Wiemersdorf<\/strong><\/p>\n<p>\u00a0Wir die Tischtennisspielgemeinschaft vom Fuhlendorfer SC und TSV Wiemersdorf spielen mit 4-5 aktiven Mannschaften im Kreis Segeberg. Ab der n\u00e4chsten Saison 2023\/2024 spielen wir wieder ab der 1.Kreisklasse bis zur 8. Kreisklasse mit. Jetzt wird nur noch in 4er Mannschaften gespielt. Die beiden Jugendtrainer Silvia Harder und Jens V\u00f6ge geben immer dienstags ab 18.00 Uhr bis 19:30 Uhr dem Nachwuchs die M\u00f6glichkeit sich zu steigern, was nun auch wieder richtig \u00a0m\u00f6glich ist. Die Jugendlichen haben letztes Jahr an ihre erste Saison gespielt. Wir haben leider einige Jugendliche verloren aber auch haben neue Spieler zu uns gefunden und somit k\u00f6nnen wir auch in der Saison 2023\/2024 eine Jugendmannschaft melden. Der Erwachsenenbereich trainiert immer montags und donnerstags in der Zeit von 19:30 Uhr bis 22:00 Uhr, wobei der Punktspielbetrieb meistens immer l\u00e4nger dauert. Einige Spieler und Spielerrinnen nehmen auch an vielen Turnieren teil wo schon einige Titel geholt worden sind. Einige Turniere wie das Neujahrsturnier, Vatertagsturnier und ein Doppelturnier werden von uns jedes Jahr organisiert, die TTSG Fu-Wie f\u00fchrt auch mit 10 Mannschaften eine eigene Champions-League durch.<\/p>\n<p>Die Sparte hat durch die Sponsoren Offen &amp; Harder GmbH und Autohaus Rohse e.K neue Trikots erhalten. Das hat den Spielern wieder neuen Auftrieb f\u00fcr die kommende Saison gegeben. Nochmal von allen Spielerinnen und Spielern vielen Dank f\u00fcr neuen Trikots. Leider konnten nicht alle Spieler beim Fototermin teilnehmen.<\/p>\n<p>&nbsp;<\/p>\n<p>[\/et_pb_text][\/et_pb_column][\/et_pb_row][et_pb_row column_structure=&#8220;1_2,1_2&#8243; _builder_version=&#8220;4.20.4&#8243; _module_preset=&#8220;default&#8220; global_colors_info=&#8220;{}&#8220;][et_pb_column type=&#8220;1_2&#8243; _builder_version=&#8220;4.20.4&#8243; _module_preset=&#8220;default&#8220; global_colors_info=&#8220;{}&#8220;][et_pb_image src=&#8220;https:\/\/fuhlendorfer-sportclub.de\/wp-content\/uploads\/2023\/06\/Sponsor-2-picture.jpg&#8220; title_text=&#8220;Sponsor 2 picture&#8220; _builder_version=&#8220;4.20.4&#8243; _module_preset=&#8220;default&#8220; global_colors_info=&#8220;{}&#8220;][\/et_pb_image][\/et_pb_column][et_pb_column type=&#8220;1_2&#8243; _builder_version=&#8220;4.20.4&#8243; _module_preset=&#8220;default&#8220; global_colors_info=&#8220;{}&#8220;][et_pb_image src=&#8220;https:\/\/fuhlendorfer-sportclub.de\/wp-content\/uploads\/2023\/06\/Sponsor-1-picture.jpg&#8220; title_text=&#8220;Sponsor 1 picture&#8220; _builder_version=&#8220;4.20.4&#8243; _module_preset=&#8220;default&#8220; global_colors_info=&#8220;{}&#8220;][\/et_pb_image][\/et_pb_column][\/et_pb_row][et_pb_row _builder_version=&#8220;4.20.4&#8243; _module_preset=&#8220;default&#8220; global_colors_info=&#8220;{}&#8220;][et_pb_column type=&#8220;4_4&#8243; _builder_version=&#8220;4.20.4&#8243; _module_preset=&#8220;default&#8220; global_colors_info=&#8220;{}&#8220;][et_pb_text _builder_version=&#8220;4.20.4&#8243; _module_preset=&#8220;default&#8220; global_colors_info=&#8220;{}&#8220;]<\/p>\n<p>Nat\u00fcrlich w\u00fcrden wir uns \u00fcber weitere Spieler oder Spielerinnen sehr freuen. Zurzeit spielen die Frauen bei den Herrenmannschaften mit, da die Meldungen f\u00fcr Damenmannschaften leider zur\u00fcckgegangen sind.<\/p>\n<p>&nbsp;<\/p>\n<p>Mit sportlichen Gr\u00fc\u00dfen<br \/><span style=\"font-size: 18px;\">Spartenleiter<br \/><\/span><span style=\"font-size: 18px;\">Jens V\u00f6ge<\/span><\/p>\n<p>[\/et_pb_text][\/et_pb_column][\/et_pb_row][et_pb_row _builder_version=&#8220;4.27.4&#8243; _module_preset=&#8220;default&#8220;][et_pb_column _builder_version=&#8220;4.27.4&#8243; _module_preset=&#8220;default&#8220; type=&#8220;4_4&#8243;][\/et_pb_column][\/et_pb_row][\/et_pb_section]<\/p>\n","protected":false},"excerpt":{"rendered":"<p>Tischtennis\u00a0 \u00a0Trainingszeiten: Montags und Donnerstags von 19.30 \u2013 22.00\u00a0 in der Turnhalle Wiemersdorf, Schulweg 1, 24649 Wiemersdorf \u00a0Wir die Tischtennisspielgemeinschaft vom Fuhlendorfer SC und TSV Wiemersdorf spielen mit 4-5 aktiven Mannschaften im Kreis Segeberg. Ab der n\u00e4chsten Saison 2023\/2024 spielen wir wieder ab der 1.Kreisklasse bis zur 8. Kreisklasse mit. Jetzt wird nur noch in [&hellip;]<\/p>\n","protected":false},"author":1,"featured_media":0,"parent":0,"menu_order":0,"comment_status":"closed","ping_status":"closed","template":"","meta":{"_et_pb_use_builder":"on","_et_pb_old_content":"","_et_gb_content_width":"","footnotes":""},"class_list":["post-183","page","type-page","status-publish","hentry"],"_links":{"self":[{"href":"https:\/\/fuhlendorfer-sportclub.de\/index.php?rest_route=\/wp\/v2\/pages\/183","targetHints":{"allow":["GET"]}}],"collection":[{"href":"https:\/\/fuhlendorfer-sportclub.de\/index.php?rest_route=\/wp\/v2\/pages"}],"about":[{"href":"https:\/\/fuhlendorfer-sportclub.de\/index.php?rest_route=\/wp\/v2\/types\/page"}],"author":[{"embeddable":true,"href":"https:\/\/fuhlendorfer-sportclub.de\/index.php?rest_route=\/wp\/v2\/users\/1"}],"replies":[{"embeddable":true,"href":"https:\/\/fuhlendorfer-sportclub.de\/index.php?rest_route=%2Fwp%2Fv2%2Fcomments&post=183"}],"version-history":[{"count":1,"href":"https:\/\/fuhlendorfer-sportclub.de\/index.php?rest_route=\/wp\/v2\/pages\/183\/revisions"}],"predecessor-version":[{"id":337,"href":"https:\/\/fuhlendorfer-sportclub.de\/index.php?rest_route=\/wp\/v2\/pages\/183\/revisions\/337"}],"wp:attachment":[{"href":"https:\/\/fuhlendorfer-sportclub.de\/index.php?rest_route=%2Fwp%2Fv2%2Fmedia&parent=183"}],"curies":[{"name":"wp","href":"https:\/\/api.w.org\/{rel}","templated":true}]}}